t u(p) = -5*p**2 + 6*p - 5. Let j(m) = 4*m**2 - 5*m + 4. Let v(w) = h*j(w) + 3*u(w). What is v(o)?
4
Let k(a) be the third derivative of a**4/8 + 7*a**3/6 + 2*a**2. Let u(h) = 6*h**2 - 13*h + 59. Let g be u(6). Let p = -192 + g. Give k(p).
22
Let a(o) be the third derivative of 0 + 0*o + 3*o**2 + 1/24*o**4 - 3/2*o**3. Let u be 34/(-85) + (1 - 6/10). Determine a(u).
-9
Suppose 3*b = -4*j + 89, 2709*j = 2707*j + b + 27. Let y(l) = l**2 - 17*l - 19. What is y(j)?
-19
Let a(k) be the third derivative of k**6/60 + k**5/12 - k**4/3 - 7*k**3/3 + 1420*k**2. Give a(-4).
-30
Let b(m) = -25*m - 5. Suppose -4*d = -2*g - 2121 + 2131, -6 = 3*g + d. Give b(g).
20
Suppose 13*t + 69 = 14*t. Suppose -63*w + t*w + 66 = 0. Let y(h) = -h**2 - 11*h - 6. Calculate y(w).
-6
Let f be 15 + 66/(-6) - (1 + -6). Let b(s) = -s**2 + 9*s + 3. Calculate b(f).
3
Let l = 11 + -101. Let s = 77 + l. Let c(y) = y**3 + 14*y**2 + 12*y - 17. Give c(s).
-4
Let h(a) = -2*a + 545 + 72 - 632. Suppose -5*x - 13 = -4*d, -x - 4*d - 5 = 12. Calculate h(x).
-5
Let n(c) = 76*c - 2. Let q(k) = -18*k + 1. Let h(u) = -2*n(u) - 9*q(u). What is h(-8)?
-85
Let h be -2 + (-44)/10*(-440)/(-22). Let c = -81 - h. Let t(q) = q - 13. Determine t(c).
-4
Suppose 0 = -70*p + 78*p + 32. Let o(a) = 3*a**3 + 3*a**2 - 10*a - 10. Let y(v) = -v**3 - 2*v**2 + v + 1. Let l(m) = p*y(m) - o(m). Give l(-4).
-2
Let w(q) be the third derivative of -q**5/60 + q**4/12 + q**3/6 + 7*q**2 - q + 172. Suppose 2*b - 2*r + 3*r - 1 = 0, 2*r = -b - 4. Determine w(b).
1
Let o(l) = 15290 - 15291 - 2*l**2 + l**2. Give o(5).
-26
Let j(o) = 0*o + 992 - 915 - 9*o + 3*o. Calculate j(13).
-1
Let m = -279 + 283. Let a(i) = -2*i - i**3 - 99*i**2 + 5*i + 46*i**2 + m + 0*i + 50*i**2. What is a(-4)?
8
Let v(x) be the third derivative of -x**4/8 - x**3/6 - 873*x**2. Determine v(8).
-25
Let g(f) = 4*f - 81. Let s(y) = 2*y**2 - 115*y - 483. Let j be s(-4). Calculate g(j).
-45
Let a(g) = 2*g**3 + 13*g**2 + 14*g + 41. Let w be a(-6). Let t(j) = -14*j - 125. Determine t(w).
-27
Let v(l) = 5*l - 6. Let g(i) = i**2 - 51*i + 552. Let w be g(35). Give v(w).
-46
Suppose 4*d = 3*b - 274, -290 = -3*b + 9*d - 13*d. Let c(u) = -b + 27 + 26 + u**2 - 8*u + 33. What is c(10)?
12
Let u(g) = -g. Let j be (13 + 3 + -3)*1. Let f be (-12)/(65/(-15) - -3). Suppose -j*t + f*t = 0. Calculate u(t).
0
Let g(h) = -h - 5. Suppose 6*r = -r + 21. Suppose -3*b - 15 = -r*v - 4*b, -4*b - 12 = 0. Give g(v).
-11
Let r(h) = 5*h**2 - 38*h + 21. Let x be 5/155 + 1296/186. What is r(x)?
0
Suppose -2*n + 2*l + 11 + 7 = 0, 0 = -5*n + 4*l + 42. Let c(t) be the second derivative of 1/20*t**5 - 1/6*t**3 + 0 + 0*t**2 - 1/2*t**4 + 242*t. What is c(n)?
-6
Suppose -3*s - 4*p = -25, -s + 4 = -5*s + 4*p. Let a(b) be the second derivative of -b**3/2 + b**2/2 - 13*b - 12. What is a(s)?
-8
Let m(x) be the second derivative of -x**3/2 - 2*x**2 + 3*x - 16. Let h(u) = -u**3 - 10*u**2 - 18*u - 5. Let s be h(-8). What is m(s)?
-37
Let h(n) be the third derivative of -5*n**4/24 - 25*n**3/2 + 101*n**2. Determine h(-15).
0
Let i(g) = 8*g**2 - 6*g + 26 + 0*g - 49 + 16. What is i(-2)?
37
Let p(y) = -24*y**2 - 3*y + 29. Let x be p(4). Let u = -367 - x. Let d(q) = q + 5. What is d(u)?
5
Let i be (-95)/(-6) + (-462)/(-396). Suppose 4*l + 2*w - 13 = 3, 3*w = l - 4. Suppose 4*g - z - 37 = l*z, -z - i = -2*g. Let k(n) = -n. What is k(g)?
-8
Suppose 7*p - 4*p = 15*p - 36. Let v(d) = 3*d**2 - 4*d + 6. What is v(p)?
21
Let h(u) be the second derivative of -u**5/20 + 9*u**4/4 - 25*u**3/6 - 20*u**2 + 17*u. What is h(26)?
-14
Let l be (-18)/((-2)/((-8)/6)). Let f(j) be the first derivative of j**2/2 + 2*j + 18206. Calculate f(l).
-10
Suppose 5*z + 265 = -48*z. Let i(o) be the second derivative of -o**4/12 - o**3/2 + 3*o**2 + o. Determine i(z).
-4
Let i = -10 + 10. Let z = 41 + -40. Let n(y) = 6*y + z + 1 + 11*y - 18*y. What is n(i)?
2
Let y(p) be the first derivative of -p**2/2 + 20*p + 1709. Give y(14).
6
Let f(k) be the second derivative of -k**6/120 + 2*k**5/15 - k**3 - 135*k**2/2 + 52*k. Let d(r) be the first derivative of f(r). Give d(8).
-6
Let y(v) = 5*v + 4 + 0*v - 5. Suppose 4*g - 2 = 2, 0 = -2*p + 3*g + 637. Let d = -319 + p. Determine y(d).
4
Let p(l) be the second derivative of -l**5/20 - l**4/12 + l**3/6 - l + 379. Give p(-4).
44
Let h(z) be the first derivative of z**2 + 27*z - 3423. Give h(-6).
15
Let j(m) be the first derivative of -m**2 - 17*m - 4. Let d be j(-10). Let p(o) = -4*o**2 - 4 - 3*o + 3 + o + d*o. Give p(1).
-4
Let h(a) = -a - 2. Let d be (-1440)/210 - (-36)/42. Calculate h(d).
4
Let k(c) = 1. Let z(a) = 4*a - 56. Let f(b) = -4*k(b) - z(b). What is f(11)?
8
Let n = -9816 - -9819. Let z(t) = -3*t - 9. Determine z(n).
-18
Let j(f) = f**3 + 11*f**2 + 13. Let r be j(-11). Suppose r*w - 7*w = 42. Let d(u) = -2*u + 4 - 5 + w*u + u**2 - 4. Calculate d(-4).
-9
Let g(b) = 5*b - 3. Let i = 6710 - 6695. Determine g(i).
72
Let g(b) = 5*b + 1. Let f be g(1). Let r(q) be the second derivative of -q**3/6 + 5*q**2/2 - 2*q + 2. Determine r(f).
-1
Let v(h) be the second derivative of h**5/20 + 31*h**4/12 + h**3/6 - 3*h**2/2 + 8699*h. Determine v(0).
-3
Let u(p) = -6 + 0 - 120*p**2 + 12*p + 41*p**2 + 37*p**2 + 40*p**2. Give u(6).
-6
Let h(i) = i**2 + 8*i + 1. Let v be 368/(-56)*1 - 8/(-14). Let g be 52/v + -6*4/(-36). Calculate h(g).
1
Let i(j) = -65*j + 190. Let a(p) = -258*p - 21411. Let x be a(-83). Give i(x).
-5
Suppose 4977*p - 4996*p + 513 = 0. Let f be (-1)/(-4) + 55/4. Let i(z) = -1 + f*z - p*z + z**2 + 15*z. Calculate i(-2).
-1
Let z = -628 - -615. Let y(r) = r**3 + 12*r**2 - 16*r - 47. What is y(z)?
-8
Let o(w) = -6*w**2 - 17*w - 10. Let g(b) be the third derivative of -b**5/20 - 3*b**4/8 - 5*b**3/6 + 40*b**2 - 1. Let d(t) = 7*g(t) - 4*o(t). Calculate d(-2).
7
Let s = 3210 - 3217. Let h(d) = d**2 + 10*d + 3. Determine h(s).
-18
Let p(c) = -c**3 - 3*c**2 + 2*c - 1. Let h be p(-3). Let q be ((-21)/h)/((-3)/(-7)). Let j(k) = -9*k + k**3 - 7*k - 10 + 23*k - 5*k - 7*k**2. What is j(q)?
4
Let i(c) be the first derivative of c**4/4 + 2*c**3 + 4*c**2 + 6*c - 40697. Suppose -5*l - 5*y + 40 = 0, 2*l - 3 = -y + 9. Let j be (-18)/l - 2/4. Give i(j).
-9
Let o be (-3 - (-3)/2)/(5/(-30)). Let b(f) = 6*f - 12. Determine b(o).
42
Let r be 5*15/2*(-24)/(-18). Let i = 59 - r. Suppose 0 = i*f + 31 + 14. Let k(p) = -p**2 - 6*p - 2. Give k(f).
3
Suppose 14 = 5*j - 4*p, 10 = -j + 4*p - 0. Let k(w) = 69*w - 410. What is k(j)?
4
Let o(i) = i**2 - 6*i + 17. Let z be o(4). Let m be z/(-2)*(-1 + (-343)/3). Let q(u) = 518*u**3 + 4 - 10 + 6*u**2 - m*u**3. Determine q(5).
19
Let m(n) be the first derivative of -1/2*n**2 - 1/4*n**4 + 3*n - 1/3*n**3 + 64. What is m(-3)?
24
Suppose -2*z - 4*l + 50 - 24 = 0, z - 22 = l. Let h(a) = 2 + 0 - 17*a**2 - 1 + z*a**2 + 1. Calculate h(-2).
10
Let q = 64 - -40. Suppose -278 = 2*k - q. Let t = -93 - k. Let s(n) = -n**3 - 6*n**2 - n + 3. Calculate s(t).
9
Let w(r) = 2*r**2 + 1. Suppose 2*f = 225 - 227. Let n be w(f). Let p(g) = -g. Let c(u) = u. Let d(v) = -2*c(v) - 3*p(v). Determine d(n).
3
Let f be -1*4 - 0/(-10). Let c be f/5 - (-8)/10. Let d(w) = 5 - 4*w**3 + 0 + 3*w**3. Calculate d(c).
5
Let p(d) be the third derivative of -d**6/120 + d**5/10 + 5*d**3/6 - 2*d**2. Suppose 5*i - 399*k = -400*k + 24, -i + 3*k + 24 = 0. Give p(i).
5
Let c(u) = 7*u + u**2 + u - 296 + 476 + 11*u + 9*u. Determine c(-18).
0
Let x(m) = -m**3 - 27*m**2 + 28*m + 25. Let b(z) = -1208*z - 10900. Let l be b(-9). What is x(l)?
25
Let o = -2481 - -2472. Let x(z) = -5 - 2*z + 3*z - z**2 - 7*z - 2*z. Calculate x(o).
-14
Let z(q) = -191*q - 2649. Let a be z(-14). Let d be ((-38)/(-8))/((-2)/(-8)). Let r = d - a. Let y(l) = l - 1. Calculate y(r).
-7
Suppose 70 = -34*d - 32. Let m(p) be the first derivative of -7*p**2/2 + 4*p + 109. Give m(d).
25
Let i(m) = m**2 + 1270 - 3*m - 3*m - 1266. Determine i(9).
31
Let f(y) = 1169*y - 2113*y + 2 + 951*y - 3. Suppose 0 = -3*a - 9, -12 = -3*h + 4*a - a. Determine f(h).
6
Let x = 25 + -29. Let g(s) = -s**3 - 8*s**2 - 14*s - 5. Let r be g(x). Let d(f) = -f**2 - 13*f + 1. Give d(r).
1
Suppose 2*r = n + 4, -n - 2*r + 1191 = 1187. Let w(g) = -g**3 - 2*g**2 - g - 5. Calculate w(n).
-5
Let w(n) = 3*n + 2. Suppose 270 = -5*s + 2*m, 2*s + 2*m = 4*s + 108. Let q = s + 51. Determine w(q).
-7
Let